 -3*p**2 + 31*p + 24. Let g be l(11). Suppose 3*x - 5*c - 810 = 43, 0 = -g*x - 4*c + 576. What is the tens digit of x?
8
Let w = -831 - -5828. What is the tens digit of w?
9
Suppose 76*g - 109*g = -164076. What is the tens digit of g?
7
Suppose -b - 5*l - 25 = 2*b, 0 = -l - 5. Suppose b*d + d - f = 362, -4*f = -5*d + 1809. What is the units digit of d?
1
Suppose 3*f - 7476 - 386 = 4*o, o = 4*f - 10474. Suppose -7*t + f = 7*t. What is the units digit of t?
7
Suppose 3*d + 24 = 5*f, 0*f + 6 = 3*f + d. Suppose g + 2*g = 2*x - 2, f*g + 3 = 3*x. Suppose 4*k = -m + 605, g*k - m + 155 = k. What is the hundreds digit of k?
1
Suppose -4*a - 5*u + 73400 = -132799, -2*a + 3*u = -103105. What is the hundreds digit of a?
5
Let h(o) = -o**3 - 40*o**2 - 3*o - 37. Let j be h(-40). Let p(c) = -c**3 - 5*c**2 - c. Let m be p(-5). Suppose m*q - 332 = j. What is the tens digit of q?
8
Let j = 1355 + -3424. Let p = -650 - j. What is the tens digit of p?
1
Let w(q) = 91*q**3 + 2*q**2 - 5*q + 7. Let y(h) = 93*h**3 + 3*h**2 - 5*h + 7. Let m(t) = 5*w(t) - 4*y(t). What is the units digit of m(2)?
3
Let q be 0 + 2/(-2) + -3 + 1. Let k be (q - (-10 + 3)) + -4. Suppose -4*u + 157 = -2*n - 47, u - 4*n - 51 = k. What is the units digit of u?
1
Let b(h) = -h - 12. Let m be b(5). Let x = 170 - m. What is the tens digit of x?
8
Let d = 43727 + -25143. What is the hundreds digit of d?
5
Let j(r) be the second derivative of -2*r**3/3 + 3*r**2 - 40*r - 1. What is the units digit of j(1)?
2
Suppose 3*z = -2*y - 0*z + 14, -5*y - 3*z + 26 = 0. Suppose 34 = y*x + 6. Suppose -2483 = -x*q - 6*q. What is the tens digit of q?
9
Suppose -30 + 154 = 4*r. What is the tens digit of (-16 + r)*4/6?
1
Suppose j - a - 123 - 4204 = 0, 17300 = 4*j - 2*a. What is the tens digit of j?
2
Let f = -56 + 58. Let q(l) = -29*l + 4. Let k(r) = r. Let x(s) = -3*k(s) - q(s). What is the units digit of x(f)?
8
Suppose 44*w + 2*d = 48*w - 11066, -3*w - d = -8287. What is the hundreds digit of w?
7
Let j = -8293 - -73790. What is the ten thousands digit of j?
6
Let f(u) = 12*u**2 - 1 - 5*u**2 - u + 9*u**2. Suppose s - 4*s = 5*t - 19, -14*s - 2*t + 46 = 0. What is the hundreds digit of f(s)?
1
Suppose -4*d + 4440 = 2*a, -5*d - 2*a + 4468 = -1080. Suppose -22*o = -24*o + d. What is the hundreds digit of o?
5
Let p = 14155 + 11534. What is the tens digit of p?
8
Let z(m) = 4*m**2 + 11*m + 58. Let h(a) = -a**2 - 3*a - 14. Let r(s) = -18*h(s) - 4*z(s). What is the hundreds digit of r(-22)?
7
Let c = -12 - -15. Let v be (c - 5/2)/((-2)/(-216)). Suppose -58*n = -v*n - 96. What is the units digit of n?
4
Let y(j) be the first derivative of j**3/3 - 21*j**2 + 114*j - 227. What is the hundreds digit of y(46)?
2
Let a(u) = -u**3 + 46*u**2 - 206*u - 15. What is the units digit of a(15)?
0
Suppose -6341646 = -261*f - 1304346. What is the thousands digit of f?
9
Let n(y) = -12*y**2 + 40*y + 51. Let h(f) = -19*f**2 + 60*f + 77. Let c(v) = -5*h(v) + 8*n(v). What is the hundreds digit of c(13)?
1
What is the hundreds digit of 0 - (-1 + (-7088)/4)?
7
Suppose 9 = -3*v, n - 3*v = -0*n + 28. Suppose -8*w = -n*w - 44. What is the units digit of (-3 - 3*-29) + w?
0
Suppose 0 = 20*h + 2 + 278. What is the hundreds digit of (-12*2/h)/(1/287)?
4
Let v = 23 - 21. What is the units digit of (37/v)/((10/2)/100)?
0
Let c = 68 - 66. Let w be (4 + (-39)/(-2))*c. Suppose 51*d - w*d = 428. What is the tens digit of d?
0
Let p(m) be the second derivative of 337*m**4/12 - m**2/2 + 164*m. What is the hundreds digit of p(-1)?
3
Let b(d) = -4275*d - 32. What is the thousands digit of b(-4)?
7
Let f = 68 + -73. What is the units digit of f/35 - 215/(-35)?
6
What is the tens digit of 513*20/18*(43395/25)/11?
4
Suppose 0 = 2*x + 8, 2*n - 8*x = -5*x + 566. What is the units digit of (25/10)/(-2 + n/138)?
5
Suppose 17*n - 12*n = d + 15663, -5*n + 15675 = -5*d. What is the tens digit of n?
3
Let p(b) = -558*b + 17. Let w be (-6)/(-10)*(-26 - -21). What is the units digit of p(w)?
1
Let m = -179 + 180. Let k(t) = 198*t**2 - t + 1. What is the units digit of k(m)?
8
Let p = 584 - -6228. What is the tens digit of p?
1
What is the thousands digit of ((-1211040)/100)/(3/(-15))?
0
Suppose 2*s = 3*i - 39, 3*i - 4*s = 10 + 35. Suppose 2*v = -4*g - 14, 3*g - 6*v + i*v = 0. Let q(f) = 3*f**2 + 9*f - 5. What is the tens digit of q(g)?
2
Let n(j) = j**2 + 2*j + 3. Let a be n(-2). Suppose -4*h = a*h - 644. Suppose 2*m - h = 80. What is the tens digit of m?
8
Suppose 5*q = -2*o - 194, 2*q + 4*o + 37 = -31. Let x = 851 + q. What is the units digit of x?
1
Let m(j) = 11*j - 12. Let f = 22 + -21. Let a be (10 - 3) + (f/(-1) - -1). What is the tens digit of m(a)?
6
Let r be (9 - 32/4) + -16. What is the units digit of (6 - 426/r)/(8/140)?
2
Let c = -184 - -183. What is the units digit of (-3)/(c/(58/1))?
4
Suppose 108145*x - 108146*x = -15870. What is the ten thousands digit of x?
1
Let c(m) = -m**2 - 12*m + 32. Let x be c(-13). Suppose 25 = -2*i + x. What is the hundreds digit of ((-15)/(-5))/i + 159?
1
Suppose f + 2568 = 4*f. Suppose -29*v + 25*v + f = 0. What is the tens digit of 5*(-2)/(-5)*v/4?
0
Suppose 0 = 5*x - 2*u + 48, 4*u - 5 = 11. Let q be (4/5)/(x/(-300)). Suppose 5*v = 180 - q. What is the units digit of v?
0
Suppose -2184 = -7*l + 6*l. What is the hundreds digit of (l/(-224))/(3/(-104))?
3
Suppose -3*c - 63 = -81. Suppose h + 7 = c, 2*p + h = 1277. What is the units digit of p?
9
Suppose 242*w - 226*w - 975104 = 0. What is the hundreds digit of w?
9
Suppose -350700 = -127*z + 43*z + 63*z. What is the thousands digit of z?
6
Suppose -71344 = 315*n - 328*n. What is the thousands digit of n?
5
Let f be (7/(-3) + 1)*(-27)/18. Suppose x = f*x - 2*d + 16, 2*d = 8. What is the units digit of x/(-6) + 3/(-9)?
1
What is the ten thousands digit of (-2)/(-4) - (-5 + 187806/(-12))?
1
Let j be (11*(1 + -437))/((-360)/180). Suppose j = 4*w + 54. What is the hundreds digit of w?
5
Let q(u) = 255*u**3 + 2*u**2 + 2*u - 15. What is the thousands digit of q(3)?
6
Let t(c) = 1701*c + 106. What is the units digit of t(4)?
0
Suppose -61227 = -5*r - 3*j, -3*r + 6*r - 36736 = -2*j. Suppose -2*n = -4*g + 12232, -4*g + g - r = 2*n. What is the hundreds digit of (-1)/(-3)*n/(-20)?
1
Let r be (3/(-2))/(5/(-10)). Suppose 69 = -5*m + b, -m + 31 = -r*m - 3*b. What is the tens digit of 8/m + 1976/28?
7
Suppose -h = -2 + 1484. What is the tens digit of (h/(-312))/((-2)/(-232))?
5
Let k = -129 - -124. Let g be (-2 - k) + -18 + -114. Let c = -121 - g. What is the units digit of c?
8
Suppose -25 = -5*k + r + r, -k + 2*r + 13 = 0. Suppose 18 - 12 = -k*y. What is the tens digit of 4*1446/192 - y/(-16)?
3
Suppose -121*m = 167*m - 1369440. What is the thousands digit of m?
4
Suppose -5*s + 1 = -19. Suppose -10*g + 6*g + 4*r + 1908 = 0, -g - s*r + 457 = 0. What is the units digit of g?
3
Let t = -27 - 70. Suppose x + 126 = 220*s - 223*s, s + 272 = -2*x. Let o = t - x. What is the tens digit of o?
4
Let n be ((-46)/1)/((-1)/2). Suppose 4*t = -2*s + 618, 4*t + 5*s - 347 = 268. Let o = t - n. What is the units digit of o?
3
Let r be (1/2*0)/3. Suppose r = -17*j + 3*j - 840. What is the units digit of 227/3 - 4*5/j?
6
Let g = 91 + -75. What is the hundreds digit of (-1492)/6*(504/g)/(-21)?
3
Let b(r) = 166*r**2 - 160*r**2 + 6*r + 23 + 2*r. What is the tens digit of b(7)?
7
Let g(t) = 11*t - 7 + 11*t + 4*t + 5*t. Let z be g(1). What is the tens digit of 60*-30*(-3)/z?
2
Suppose -43*r + 201801 + 30929 = -334999. What is the thousands digit of r?
3
Let x = 11179 + -5140. What is the tens digit of x?
3
Suppose -16487 = -3*o + 5*k, -4*k - 7005 = -4*o + 14991. What is the tens digit of o?
0
Let i be (15/10)/(12/424). Let x = 98 - i. Let z = 114 - x. What is the units digit of z?
9
Let t = 7022 - -222. What is the units digit of t?
4
Let p = -3353 - -3358. Suppose -l - l = -88. Suppose -p = -i + l. What is the units digit of i?
9
Let u be ((-1071)/14)/9*(-2 + 0). Suppose 8*d - 13550 = -u*d. What is the tens digit of d?
4
Suppose 80282 + 191158 = 120*k. What is the tens digit of k?
6
Let m = -9073 + 18782. What is the thousands digit of m?
9
Suppose -5*b + 2*i = -4962, -3*b + i = -b - 1985. What is the units digit of (150/40)/(6/b)?
0
Let j = 2111 + -1448. What is the hundreds digit of (-5186)/(-13) + 51/j